or of 98 and i.
14
Suppose -5*v = -2*t - 132953, -53216 = -221*v + 219*v - 5*t. What is the highest common factor of v and 203?
203
Suppose 658 = 5*v - 692. Let x(c) = -49*c - 913. Let h be x(-19). Calculate the greatest common divisor of h and v.
18
Let n(x) = x**2 - 6*x + 5. Let y be n(7). Suppose 8*q - 6*q - 8 = 0. Suppose -d = -q*d + 36. What is the greatest common divisor of d and y?
12
Let a = 4270 - 4165. What is the highest common divisor of 195 and a?
15
Let r(d) = -5*d + 6*d + 0*d - d**3 + 3*d**2 + d**2. Let o be r(4). Let m be o/(-10)*60/(-2). What is the highest common divisor of 3 and m?
3
Suppose -14 = -z - 6*z. Let a be ((-4)/(-2))/(9/18). Suppose -q + 20 = 2*q + a*v, -5*q + 3*v = -14. Calculate the greatest common divisor of z and q.
2
Let j(l) = 244*l - 4832. Let w be j(20). Calculate the greatest common divisor of 2424 and w.
24
Suppose -461*o - 145222 = -484*o. Calculate the greatest common divisor of o and 44.
22
Suppose -31*d - 264 = -3*b - 37*d, -5*b + 3*d = -453. Calculate the greatest common factor of 70 and b.
10
Let c(x) = 63*x**3 - 9*x**2 + 51*x - 56. Let d be c(3). Calculate the greatest common factor of 303 and d.
101
Let h = -929 - -952. Calculate the highest common divisor of 4531 and h.
23
Let a(o) = 1122*o - 714. Let w be a(3). What is the highest common divisor of 13 and w?
13
Suppose 1826 = -14*a - 8170. Let q = a - -755. What is the greatest common factor of q and 205?
41
Let q be (-398)/(-22) + (-42)/462. Suppose 0 = 5*v - w - 9, w + 15 = 3*v - 2*w. What is the highest common divisor of q and v?
1
Let u = 20976 - 19778. Calculate the greatest common factor of u and 2.
2
Suppose 3*c - 4*o + 2*o - 289 = 0, -16 = -4*o. Suppose v = 5*t - 25, 3*v + 4 + 11 = 0. Suppose -7*i + c = -t*i. What is the greatest common divisor of 3 and i?
3
Let a = -207 + 377. Suppose 162*t = 164*t + 588. Let d = t - -328. What is the greatest common divisor of d and a?
34
Let b(q) = 3*q**2 - 1. Let a be b(-3). Suppose 0 = 69*t - 140*t - 426. Let u = a + t. What is the highest common factor of u and 2?
2
Let c(q) = q**3 - 17*q**2 + 18*q - 31. Let b be c(16). Suppose x + b = 29. Calculate the greatest common divisor of 182 and x.
14
Suppose 173*x - 20 = 178*x, 20 = 2*r + 4*x. What is the highest common divisor of 2250 and r?
18
Let d(f) = -26*f + 19. Let j(n) = 27*n - 18. Let i(m) = 2*d(m) + 3*j(m). Let b be i(5). What is the greatest common divisor of 172 and b?
43
Let c = -198 - -204. Let b be -1 + 11 - (-36)/c. What is the highest common divisor of b and 384?
16
Suppose 5*q = 4*s - 988, 3*s + 32*q = 30*q + 741. Calculate the greatest common factor of 133 and s.
19
Suppose -97*w - 8322 = -170*w. Calculate the greatest common factor of w and 589.
19
Suppose -364 - 2936 = -22*j. Calculate the highest common divisor of j and 20.
10
Let f(o) = -1 + 2*o + 10 + 3*o + 2*o + 7. Let x be f(1). What is the highest common divisor of x and 1?
1
Suppose 0 = 5*g + 4*o - 44230, 17695 = 2*g + 190*o - 189*o. What is the highest common divisor of g and 75?
75
Let o be (220125/(-250))/((-2)/12). Calculate the highest common divisor of 18 and o.
9
Suppose 4*o = -2233 + 12961. What is the highest common divisor of 36 and o?
18
Let c be 4/((-8)/(-3)) - 496/(-32). Let k(z) = -z**3 + 3*z**2 - 3. Let y be k(-3). Calculate the highest common divisor of y and c.
17
Let n be (-5 - (-342)/63) + (-4 - (-9470)/35). Calculate the highest common divisor of 4717 and n.
89
Suppose 3*d - 4*m - 16598 = 0, -62*d + 63*d + 4*m = 5506. Calculate the greatest common factor of 36 and d.
18
Suppose 2*o - 321 + 325 = 0, 2*w = 4*o + 172. Calculate the greatest common factor of w and 123.
41
Let t = 251 + -226. Suppose 17372 = t*w + 4447. Suppose 4*k + 51 = 2*r - r, 0 = 5*r + 3*k - 232. What is the highest common divisor of r and w?
47
Let h = 2136 + -1976. Calculate the highest common factor of 180 and h.
20
Suppose 18*j - 4*j - 5656 = 0. Let l = j - -8. Suppose 11*z = 83 + l. What is the highest common factor of 15 and z?
15
Let f = 102 + -89. Suppose 17*g - 300 = f*g. What is the highest common divisor of 15 and g?
15
Let t(m) = -1 + 16*m + 2 - 3. Let c be t(2). What is the highest common factor of 30 and c?
30
Let o = 19635 - 13684. What is the greatest common factor of o and 11?
11
Suppose -29*s = 58*s - 217298 - 67888. Calculate the greatest common divisor of s and 66.
22
Let i = -1 + 105. Let z = 344 - 336. Calculate the greatest common divisor of z and i.
8
Let s(w) = -4*w - 176. Let i be s(36). Let q = -206 - i. What is the highest common factor of q and 76?
38
Let h(x) = x**2 + 10*x + 8. Let v be h(-6). Let z = 37 + v. Suppose -5*n + 9*i - 720 = -9*n, -3*n = 4*i - 551. Calculate the greatest common divisor of z and n.
21
Let h = -349 + 374. Suppose 7*s + 3*v = 8*s - h, -s + 4*v = -26. What is the greatest common factor of s and 44?
22
Let a = -1692 + 1185. Let g = -424 - a. What is the greatest common divisor of 166 and g?
83
Let w be (-100)/(-15) + 14/6. Suppose -26*x + 3360 = w*x. Calculate the highest common divisor of x and 6.
6
Let v be 2/3 + 56*4/24. Calculate the highest common factor of 3930 and v.
10
Let j(f) = f**3 - 10*f**2 - 9*f - 22. Let p be j(11). Suppose p = 75*g - 91*g + 1408. What is the greatest common divisor of g and 8?
8
Let o(f) = -1631*f - 4913. Let d be o(-23). Calculate the greatest common divisor of 16 and d.
8
Let g = -19743 - -19998. Calculate the highest common factor of 3111 and g.
51
Suppose 41*f - 1790 = 46*f. Let y = -298 - f. What is the highest common factor of 160 and y?
20
Let y = 47 + -35. Suppose 19 = y*h - 5. What is the highest common divisor of h and 58?
2
Let y(g) = -24*g + 7. Let j be y(-3). Suppose -t = -5 - j. Suppose -3*k + t = 3*k. What is the highest common factor of 14 and k?
14
Suppose 84*d + 2262 = 87*d. Let y be (d/(-65))/((-1)/5). Suppose -c = -5*l - 3*c + y, l - 3*c = 15. Calculate the highest common divisor of l and 4.
4
Let w(i) = i + 4. Let d be w(-3). Let k(h) = -h - 39401 + 20*h + 39405 - 5*h. Let g be k(d). Calculate the greatest common divisor of g and 42.
6
Suppose -1576 = -6*c - 5*i, -10 = c - i - 269. What is the greatest common factor of c and 333?
9
Suppose 0 = -5*f - 3*d + 3 + 3, 0 = 2*f - 5*d + 10. Suppose 4*a - 121 = -f*a + 5*k, -3 = -k. Let j = a - 29. Calculate the highest common divisor of 35 and j.
5
Let a be -5 + (-8 - -144) - (2 - 0). Calculate the greatest common divisor of 2752 and a.
43
Suppose 0 = 1245*r - 1255*r + 29410. What is the highest common factor of 51 and r?
17
Let v = 924 - 704. Let u = v - 178. What is the highest common factor of 462 and u?
42
Let x = 63 + -83. Let w be -60*(-5 + (-84)/x). Suppose 5*y - 2*p = -0*p + 91, 0 = 2*y + 5*p - w. What is the greatest common divisor of y and 209?
19
Let x = -4840 + 5602. What is the greatest common factor of x and 6?
6
Suppose 320 = 5*y + 5*k - k, 5*y = 3*k + 285. Calculate the greatest common divisor of 115 and y.
5
Suppose -5*n - 106 - 270 = -a, 0 = -4*a - 3*n + 1458. What is the highest common factor of a and 793?
61
Let v be 24/42 - 17*1/(-7). Suppose 0 = 2*d + v + 11. Let n = d - -77. Calculate the highest common divisor of 175 and n.
35
Let j(i) = -3 - 7 + 8*i + 6*i - 19*i. Let d be j(-3). Suppose k - 912 = -d*k. Calculate the highest common factor of 38 and k.
38
Let x(o) = -298 + 300 - o**2 + 2*o - 12*o + 2*o**2. Let u be x(-8). Suppose 3*l - u = 118. What is the greatest common divisor of l and 22?
22
Let c(z) = 17*z**2 - 4*z - 2. Let n be c(-2). Suppose 0 = 4*d - 4*m - 170 - n, 61 = d + m. What is the greatest common factor of d and 61?
61
Suppose -4*g + g - u + 98 = 0, 5*u = -4*g + 138. Suppose -73*f + 69*f = 4*h - 80, -2*h + 7*h = 0. What is the greatest common divisor of g and f?
4
Let h = -1105 + 566. Let s = h + 638. Calculate the highest common divisor of 693 and s.
99
Suppose -r - 1638 = -5*r - 35*r. What is the greatest common divisor of 18 and r?
6
Suppose 70 = 4*o + 2*n, -4*o + 4*n = n - 75. Let c(x) = x**3 - 18*x**2 + x - 9. Let k be c(o). Calculate the highest common factor of k and 693.
9
Let r be (1 - (-33)/(-24)) + 16641*(-27)/(-72). What is the greatest common divisor of 80 and r?
80
Suppose 2*l = 10*l - 464. Let u(z) = z**2 + z + 2. Let q be u(7). What is the greatest common factor of l and q?
58
Let l = 1